 379. Calculate j(-4).
-1293
Let y(f) = 158779*f - 1111382. What is y(7)?
71
Let d(w) = 6050*w - 61088. Give d(10).
-588
Let l(h) = -h**2 - 1983*h - 50944. Give l(-26).
-62
Let i(b) = 2*b**3 - 79*b**2 - 23*b - 663. Determine i(40).
17
Let o(n) = -28*n**3 - 74*n**2 - 37*n + 7. Calculate o(-2).
9
Let x(t) = 40*t**2 - 1618*t - 751. Calculate x(41).
151
Let u(y) = -2*y**3 + 166*y**2 + 306*y - 62875. Give u(80).
5
Let j(r) = -6840*r - 752405. Determine j(-110).
-5
Let o(v) = 1167*v + 10854. Calculate o(-11).
-1983
Let f(s) = -5*s**2 + 87*s - 406. Give f(9).
-28
Let m(u) = -140373*u + 4491922. Determine m(32).
-14
Let q(k) = -134*k + 1573. Calculate q(12).
-35
Let s(v) = 4*v**3 + 190*v**2 - 107*v - 676. Give s(-48).
-148
Let n(r) = 955*r - 15482. Give n(16).
-202
Let k(j) = 9*j**2 - 4556*j + 14533. Give k(503).
-54
Let k(q) = q**3 - 201*q**2 + 714*q - 23734. Determine k(198).
26
Let s(f) = -7*f**2 + 28498*f + 85560. Calculate s(-3).
3
Let d(k) = -k**3 - 6*k**2 - 36*k - 135. What is d(-4)?
-23
Let b(a) = -77*a - 758. What is b(19)?
-2221
Let x(j) = j**2 - 2*j - 7995. What is x(90)?
-75
Let k(g) = -g**3 - 5*g**2 + 632643*g + 4428395. What is k(-7)?
-8
Let w(f) = -f**3 + 221*f**2 - 1272*f - 119. Determine w(6).
-11
Let x(n) = 290*n**2 - 542*n - 3. Calculate x(2).
73
Let c(r) = 101*r**2 + 16663*r - 498. Determine c(-165).
-168
Let d(a) = 874*a - 235854. Give d(270).
126
Let p(q) = -12*q**2 + 136*q + 28899. Give p(55).
79
Let l(z) = 3*z**3 + 24*z**2 + 442*z + 7043. Calculate l(-12).
11
Let i(p) = 482*p + 2. Give i(0).
2
Let r(k) = 360*k - 894. What is r(-3)?
-1974
Let x(d) = 337*d - 871. Give x(5).
814
Let n(h) = -12*h**2 + 656*h - 627. Calculate n(38).
6973
Let d(v) = -2*v**3 - v**2 + 1688*v + 39. Give d(0).
39
Let z(n) = -33*n**3 + 14*n**2 - 2880*n - 2893. Determine z(-1).
34
Let k(t) = 4*t**2 - 2950*t + 99648. Give k(702).
-36
Let u(n) = -658*n - 959. Determine u(-1).
-301
Let u(c) = 23*c**2 - 50*c + 142. Calculate u(5).
467
Let a(v) = -v**2 - 340972*v - 3409576. Calculate a(-10).
44
Let y(o) = -2911*o - 18974. Determine y(-6).
-1508
Let n(t) = -4108*t - 16477. Give n(-5).
4063
Let f(s) = 663*s + 310. Give f(0).
310
Let h(m) = 15460*m + 139151. Calculate h(-9).
11
Let d(a) = 8*a**2 - 585*a + 8538. Determine d(53).
5
Let j(d) = -d**3 + 683*d**2 - 4732*d + 19. What is j(7)?
19
Let d(b) = -b**3 - 20*b**2 - 4044*b - 94580. Determine d(-23).
19
Let m(i) = 7*i**3 + 657*i**2 - 91*i + 63. What is m(-94)?
-219
Let q(a) = -a**3 + 31*a**2 - 9*a - 394. Determine q(0).
-394
Let q(m) = -2*m**3 - 200*m**2 - 653*m - 86449. Determine q(-101).
-94
Let o(d) = -d**3 - 124*d**2 - 375*d - 15988. Calculate o(-122).
-6
Let m(x) = 2*x**3 - 43*x**2 - 118*x + 1941. Give m(24).
1989
Let b(c) = 344*c - 2888. What is b(8)?
-136
Let l(h) = 2899*h - 28446. Calculate l(9).
-2355
Let j(l) = -5*l**3 + 93*l**2 + 1032*l + 15. What is j(-8)?
271
Let i(n) = -3*n**2 + 326*n - 4420. What is i(90)?
620
Let i(s) = -7929*s - 253753. What is i(-32)?
-25
Let v(s) = -41*s**3 + 2428*s**2 - 2902*s + 122. What is v(58)?
6
Let h(c) = 586*c - 2308. Determine h(3).
-550
Let y(c) = 181*c**2 - 296*c - 82. Determine y(2).
50
Let m(n) = 22884*n + 160283. What is m(-7)?
95
Let m(z) = 12*z**2 - 26*z - 2585. Give m(16).
71
Let o(w) = 2*w**3 + 3*w**2 + 6899*w + 20723. Give o(-3).
-1
Let i(t) = 273101*t - 57078107. Determine i(209).
2
Let i(g) = 4*g**3 - 8*g**2 + 40*g - 74. Give i(4).
214
Let k(h) = -3*h**3 + 345*h**2 - 4215*h + 66. Calculate k(14).
444
Let n(j) = 10*j - 1321. What is n(38)?
-941
Let w(y) = -306184*y - 1530860. Give w(-5).
60
Let z(l) = 13922*l + 710017. Determine z(-51).
-5
Let z(f) = -129809*f + 2985596. What is z(23)?
-11
Let p(i) = -4024*i - 20203. What is p(-5)?
-83
Let i(v) = -78*v**2 - 22703*v - 1447. Give i(-291).
8
Let r(u) = -968*u**3 + 6*u**2 - 13*u + 9. Determine r(1).
-966
Let c(m) = 2*m**3 + 579*m**2 + 2004*m + 559. What is c(-286)?
-13
Let q(w) = -3*w**3 + 487*w**2 - 637*w + 156965. Calculate q(163).
-4
Let t(n) = 768*n**3 - 140*n**2 + 142*n - 1. Give t(1).
769
Let c(n) = -906*n**3 + 6*n**2 - 436*n + 867. What is c(2)?
-7229
Let m(u) = -36*u**2 - 113*u + 18. Calculate m(-7).
-955
Let o(f) = 11*f**2 - 132*f + 1823. Calculate o(24).
4991
Let m(q) = -5*q**2 - 82812*q + 331272. What is m(4)?
-56
Let r(h) = -h**2 + 393*h - 25941. What is r(308)?
239
Let i(p) = p**3 - 30*p**2 + 232*p + 17. What is i(18)?
305
Let j(t) = t**2 - 34*t - 741. Determine j(-15).
-6
Let l(m) = 5*m**2 - 127*m + 154. Determine l(25).
104
Let z(n) = 652*n - 11145. Calculate z(15).
-1365
Let c(m) = -333*m**3 + 4*m**2 + 201*m + 402. What is c(-2)?
2680
Let q(c) = 99486*c - 298411. Determine q(3).
47
Let n(k) = k**2 + 427*k + 3356. Determine n(-8).
4
Let f(j) = -410607*j - 410643. Give f(-1).
-36
Let j(s) = -271*s - 2180. Calculate j(-4).
-1096
Let k(v) = -12502*v + 62414. What is k(5)?
-96
Let i(d) = 28*d**3 + 164*d**2 - 25*d - 9. Calculate i(-6).
-3
Let a(q) = 776*q - 4561. What is a(6)?
95
Let x(m) = 166*m**2 + 14619*m + 189. Determine x(-88).
-779
Let w(x) = -310*x**2 - 44*x + 41. What is w(1)?
-313
Let j(g) = -6*g**2 + 7239*g + 436083. What is j(1264)?
3
Let a(x) = -69129*x - 622241. Calculate a(-9).
-80
Let o(z) = -z**3 + 37*z**2 - 50461*z + 1918942. Give o(38).
-20
Let l(f) = 3*f**3 + 1632*f**2 + 1655*f + 14123. Calculate l(-543).
5
Let c(l) = l**2 - 2637*l - 3471379. Give c(-964).
-15
Let t(n) = -251*n**2 + 42918*n + 130. Calculate t(171).
-383
Let f(x) = 2*x**3 - 71*x**2 + 655*x - 421. Give f(18).
29
Let x(f) = -689*f + 41419. What is x(60)?
79
Let f(i) = -i**3 + 36*i**2 - 321*i + 9751. Calculate f(35).
-259
Let y(r) = r**3 - 3*r**2 + 188*r + 861. Give y(-4).
-3
Let p(c) = 2*c**3 - 185*c**2 + 444*c + 486. Give p(90).
-54
Let o(s) = -s**3 + 6*s**2 + 59*s - 347. What is o(8)?
-3
Let o(h) = -394915*h - 1974553. Calculate o(-5).
22
Let p(x) = x**2 + 8282*x - 266076. Calculate p(32).
-28
Let w(h) = 22*h**3 - 109*h**2 + 326*h - 1684. Give w(5).
-29
Let d(t) = 2*t**2 - 11*t - 578. Give d(26).
488
Let w(p) = -283*p**2 - 6507*p + 53. Give w(-23).
7
Let f(u) = u**2 - 167*u + 4937. Calculate f(132).
317
Let m(z) = 3*z**2 + 30993*z + 185837. Calculate m(-6).
-13
Let g(j) = -j**2 - 674*j - 107722. Determine g(-413).
71
Let u(r) = -4893*r - 12457. Determine u(-3).
2222
Let x(r) = -19*r**2 + 2977*r - 75811. Determine x(32).
-3
Let m(x) = -9022*x - 2453980. Give m(-272).
4
Let n(u) = 54519*u + 18372896. Calculate n(-337).
-7
Let p(j) = j**2 - 25517*j + 9205263. Determine p(366).
-3
Let k(g) = 6*g**3 + 286*g**2 - 1430*g - 64036. Calculate k(-48).
-4
Let f(b) = -26963*b - 242677. Determine f(-9).
-10
Let z(w) = -3*w**3 + 166*w**2 - 65*w - 423. Give z(55).
-973
Let u(b) = -602*b**3 - 28868*b**2 + 1342*b - 123. What is u(-48)?
-27
Let p(z) = 92*z**2 - 2407*z + 561. Give p(26).
171
Let m(g) = -3576*g - 28856. Give m(-8).
-248
Let a(o) = -o**2 + 384*o - 34002. What is a(138)?
-54
Let d(i) = -2833*i + 1206848. Give d(426).
-10
Let o(k) = 245*k + 5459. What is o(-23)?
-176
Let c(k) = k**2 + 51*k - 7851. Determine c(65).
-311
Let l(u) = -6175*u + 4557173. Give l(738).
23
Let c(y) = 7920*y + 5306440. Give c(-670).
40
Let s(i) = -83275*i + 333116. What is s(4)?
16
Let r(t) = -t**2 - 58*t - 48. What is r(-25)?
777
Let q(f) = 1890*f + 11162. Calculate q(-6).
-178
Let n(k) = 54565*k - 3055638. Determine n(56).
2
Let y(t) = 33*t**2 - 3627*t - 438. Determine y(110).
-108
Let r(j) = 3675*j - 51412. Determine r(14).
38
Let a(l) = -l**3 + 5*l**2 + 18*l - 63. What is a(5)?
27
Let c(o) = -227*o + 9172. Give c(37).
773
Let g(c) = -6233*c + 324120. Give g(52).
4
Let k(i) = 2147*i + 10478. Determine k(-5).
-257
Let z(p) = 17*p**2 + 76*p - 382. Give z(7).
983
Let f(c) = -295089*c + 40722276. Determine f(138).
-6
Let y(q) = -1132*q + 8796. Determine y(7).
872
Let b(w) = w**3 - 6*w**2 - 3577*w + 6497. Determine b(62).
-13
Let l(j) = 334*j**2 - 5665*j - 234. What is l(17)?
-13
Let y(q) = 42*q**2 + 713*q - 26368. Calculate y(18).
74
Let c(q) = 7*q**3 + 172*q**2 + 113*q + 293. Determine c(-24).
-115
Let a(y) = 18*y**3 + 1349*y**2 - 49*y + 1973. What is a(-75)?
23
Let x(o) = -o**3 - 23*o**2 - 1096*o - 22190. What is x(-21)?
-56
Let q(r) = r**3 + 12*r**2 - 78*r + 379. Give q(8).
1035
Let o(r) = -48*r**2 + 12572*r + 974. Determine o(262).
-74
Let t(h)